late the remainder when 268 is divided by 69.
61
What is the remainder when 497 is divided by 150?
47
What is the remainder when 236 is divided by 24?
20
Calculate the remainder when 269 is divided by 8.
5
What is the remainder when 243 is divided by 64?
51
Calculate the remainder when 695 is divided by 58.
57
Calculate the remainder when 448 is divided by 88.
8
What is the remainder when 282 is divided by 15?
12
What is the remainder when 218 is divided by 15?
8
Calculate the remainder when 3319 is divided by 41.
39
What is the remainder when 444 is divided by 222?
0
Calculate the remainder when 767 is divided by 231.
74
Calculate the remainder when 250 is divided by 17.
12
Calculate the remainder when 1452 is divided by 92.
72
What is the remainder when 4151 is divided by 12?
11
What is the remainder when 4322 is divided by 33?
32
Calculate the remainder when 255 is divided by 88.
79
What is the remainder when 4217 is divided by 61?
8
What is the remainder when 3222 is divided by 104?
102
Calculate the remainder when 267 is divided by 54.
51
What is the remainder when 327 is divided by 10?
7
What is the remainder when 1367 is divided by 53?
42
What is the remainder when 815 is divided by 117?
113
Calculate the remainder when 1446 is divided by 69.
66
What is the remainder when 296 is divided by 91?
23
What is the remainder when 1550 is divided by 92?
78
What is the remainder when 10423 is divided by 139?
137
What is the remainder when 1339 is divided by 362?
253
Calculate the remainder when 969 is divided by 10.
9
What is the remainder when 439 is divided by 110?
109
Calculate the remainder when 331 is divided by 86.
73
What is the remainder when 3 is divided by 2?
1
What is the remainder when 2787 is divided by 41?
40
What is the remainder when 160 is divided by 44?
28
What is the remainder when 101 is divided by 7?
3
What is the remainder when 616 is divided by 116?
36
What is the remainder when 938 is divided by 21?
14
What is the remainder when 326 is divided by 159?
8
Calculate the remainder when 386 is divided by 383.
3
What is the remainder when 2547 is divided by 69?
63
Calculate the remainder when 367 is divided by 9.
7
Calculate the remainder when 248 is divided by 39.
14
What is the remainder when 1046 is divided by 150?
146
What is the remainder when 116 is divided by 10?
6
What is the remainder when 658 is divided by 603?
55
Calculate the remainder when 2514 is divided by 70.
64
What is the remainder when 1053 is divided by 75?
3
Calculate the remainder when 7869 is divided by 164.
161
Calculate the remainder when 2948 is divided by 2.
0
Calculate the remainder when 972 is divided by 11.
4
Calculate the remainder when 597 is divided by 291.
15
Calculate the remainder when 404 is divided by 42.
26
What is the remainder when 685 is divided by 138?
133
What is the remainder when 99 is divided by 45?
9
Calculate the remainder when 1118 is divided by 371.
5
What is the remainder when 497 is divided by 196?
105
Calculate the remainder when 440 is divided by 89.
84
Calculate the remainder when 142 is divided by 4.
2
What is the remainder when 48 is divided by 13?
9
What is the remainder when 2434 is divided by 14?
12
Calculate the remainder when 1453 is divided by 34.
25
What is the remainder when 51 is divided by 47?
4
Calculate the remainder when 142 is divided by 31.
18
Calculate the remainder when 885 is divided by 439.
7
What is the remainder when 203 is divided by 33?
5
What is the remainder when 219 is divided by 12?
3
What is the remainder when 365 is divided by 3?
2
Calculate the remainder when 770 is divided by 142.
60
Calculate the remainder when 51 is divided by 18.
15
Calculate the remainder when 145 is divided by 125.
20
Calculate the remainder when 50 is divided by 35.
15
What is the remainder when 22812 is divided by 92?
88
What is the remainder when 1407 is divided by 43?
31
Calculate the remainder when 930 is divided by 308.
6
Calculate the remainder when 1277 is divided by 40.
37
What is the remainder when 242 is divided by 31?
25
What is the remainder when 659 is divided by 251?
157
Calculate the remainder when 1410 is divided by 249.
165
What is the remainder when 29 is divided by 7?
1
What is the remainder when 1753 is divided by 39?
37
What is the remainder when 428 is divided by 43?
41
Calculate the remainder when 72 is divided by 3.
0
What is the remainder when 1196 is divided by 109?
106
What is the remainder when 275 is divided by 138?
137
Calculate the remainder when 250 is divided by 9.
7
What is the remainder when 585 is divided by 45?
0
Calculate the remainder when 54 is divided by 11.
10
What is the remainder when 47 is divided by 32?
15
What is the remainder when 494 is divided by 12?
2
What is the remainder when 542 is divided by 32?
30
Calculate the remainder when 1066 is divided by 348.
22
Calculate the remainder when 280 is divided by 57.
52
Calculate the remainder when 42 is divided by 8.
2
Calculate the remainder when 535 is divided by 224.
87
What is the remainder when 282 is divided by 71?
69
What is the remainder when 1367 is divided by 20?
7
What is the remainder when 882 is divided by 76?
46
What is the remainder when 651 is divided by 55?
46
What is the remainder when 1993 is divided by 21?
19
Calculate the remainder when 80 is divided by 2.
0
Calculate the remainder when 92 is divided by 42.
8
Calculate the remainder when 114 is divided by 42.
30
Calculate the remainder when 203 is divided by 42.
35
Calculate the remainder when 370 is divided by 5.
0
Calculate the remainder when 179 is divided by 49.
32
Calculate the remainder when 1048 is divided by 50.
48
Calculate the remainder when 77 is divided by 40.
37
Calculate the remainder when 133 is divided by 29.
17
What is the remainder when 664 is divided by 23?
20
Calculate the remainder when 319 is divided by 46.
43
What is the remainder when 318 is divided by 16?
14
Calculate the remainder when 389 is divided by 56.
53
What is the remainder when 158 is divided by 52?
2
What is the remainder when 1883 is divided by 30?
23
Calculate the remainder when 757 is divided by 365.
27
Calculate the remainder when 169 is divided by 35.
29
What is the remainder when 418 is divided by 16?
2
What is the remainder when 597 is divided by 19?
8
Calculate the remainder when 109 is divided by 49.
11
What is the remainder when 87 is divided by 22?
21
What is the remainder when 11680 is divided by 33?
31
Calculate the remainder when 30 is divided by 18.
12
Calculate the remainder when 199 is divided by 50.
49
Calculate the remainder when 15 is divided by 3.
0
What is the remainder when 242 is divided by 69?
35
What is the remainder when 432 is divided by 14?
12
Calculate the remainder when 1021 is divided by 33.
31
Calculate the remainder when 319 is divided by 155.
9
What is the remainder when 1973 is divided by 90?
83
What is the remainder when 221 is divided by 120?
101
What is the remainder when 206 is divided by 21?
17
What is the remainder when 2379 is divided by 171?
156
Calculate the remainder when 1706 is divided by 22.
12
Calculate the remainder when 5597 is divided by 14.
11
What is the remainder when 175 is divided by 14?
7
What is the remainder when 174 is divided by 16?
14
Calculate the remainder when 283 is divided by 136.
11
What is the remainder when 877 is divided by 40?
37
What is the remainder when 564 is divided by 113?
112
What is the remainder when 275 is divided by 23?
22
What is the remainder when 259 is divided by 52?
51
What is the remainder when 749 is divided by 26?
21
Calculate the remainder when 211 is divided by 34.
7
Calculate the remainder when 658 is divided by 25.
8
Calculate the remainder when 27 is divided by 10.
7
What is the remainder when 342 is divided by 136?
70
What is the remainder when 122 is divided by 4?
2
What is the remainder when 785 is divided by 51?
20
What is the remainder when 8768 is divided by 111?
110
Calculate the remainder when 94 is divided by 33.
28
Calculate the remainder when 366 is divided by 54.
42
Calculate the remainder when 558 is divided by 269.
20
What is the remainder when 256 is divided by 53?
44
Calculate the remainder when 8819 is divided by 90.
89
Calculate the remainder when 103 